(12/18)/(l/(-306)) is divided by 18?
14
Suppose u = -25*y + 27*y + 68, 0 = 3*u + 3*y - 195. What is the remainder when 90 is divided by u?
24
Suppose -3*x + 280 = -4*d, x - 38*d = -42*d + 88. What is the remainder when 642 is divided by x?
90
Let w(u) be the third derivative of u**6/120 + u**5/10 + u**4/24 - 5*u**3/3 + 21*u**2. What is the remainder when w(-5) is divided by 10?
0
Suppose 0*n - n = -11. Let p(v) = 2*v - 2. What is the remainder when 76 is divided by p(n)?
16
Let x(q) be the first derivative of q**3/3 + q**2 - 2*q - 3. Let k = -67 - -72. Calculate the remainder when x(-5) is divided by k.
3
Calculate the remainder when 98 is divided by (-214 + 104)*(-4)/10.
10
Let h(s) = s**2. Let x be h(-1). Let q(j) = -5 + 6 + 4 + j - x. Calculate the remainder when q(4) is divided by 5.
3
Let k be (-3)/(-4) + 68/16. Suppose 0 = f - 25 - k. Calculate the remainder when 58 is divided by f.
28
Let w = 69 - 47. Suppose -48 - w = -5*s. Suppose -53 = -0*a - a. Calculate the remainder when a is divided by s.
11
Suppose -132 = -19*y + 15*y. Suppose 0 = 37*k - y*k - 12. Suppose k*r - 49 = -4*r. Calculate the remainder when 13 is divided by r.
6
Suppose a - 5*b = 102, 69 = a + b - 45. Suppose -8*p + a = -p. Let d(n) = n**2 + 4. What is the remainder when d(-5) is divided by p?
13
Let p = -1242 - -1647. Calculate the remainder when p is divided by 34.
31
Let u = 3 + 207. Let m = -108 + u. Let w(n) = 10*n - 4. What is the remainder when m is divided by w(3)?
24
Let y = -6 - 1. Let g(h) be the first derivative of h**2/2 + 9*h + 2. What is the remainder when 7 is divided by g(y)?
1
Suppose -133*f = 1777 - 5501. What is the remainder when 383 is divided by f?
19
Suppose 0 = 5*g + j + 531, 3*j + 639 - 223 = -4*g. Let i = -95 - g. Suppose 3*n = r - 17, 21 + 4 = 2*r - 3*n. Calculate the remainder when i is divided by r.
4
Let p be 47/7 + (-6)/(-21). What is the remainder when (-3)/p + (-563)/(-7) is divided by 21?
17
Suppose 0 = -3*f + 4*o + 75, 2*o = -5*f - 2*o + 125. Let s(z) = 2*z**2 - 7*z + 5. Calculate the remainder when f is divided by s(4).
7
Suppose -2*a + 35 = 3*a + 4*p, -2*a + 14 = 4*p. Suppose 2*q + 535 = a*q. Calculate the remainder when q is divided by 36.
35
Calculate the remainder when ((-154360)/190)/(-4) - 8/76 is divided by 5.
3
Suppose 0 = 2*t - 6, 3*t = -4*s - t + 848. What is the remainder when s is divided by 43?
37
Let r = -496 + 499. Let u be 4/(-14) - 23/(-7). Suppose -3*l = v - 0*l - 3, 2*v = u*l + 6. Calculate the remainder when v is divided by r.
0
Suppose 3*c - 9 = 2*c. Let q(l) = l**3 + 5*l**2 - 8. Let m be q(-5). Calculate the remainder when -2 - (6/24 + 298/m) is divided by c.
8
Let m(y) = 40*y + 10 + 2*y**2 - 8 + 2. Calculate the remainder when 13 is divided by m(-20).
1
Let j = -5756 - -5778. Suppose x - 2*g + 131 = -69, 2*x + 392 = 2*g. Let m = -106 - x. Calculate the remainder when m is divided by j.
20
Suppose -32 = -w + 3*t + 149, 0 = 5*w - 2*t - 892. Let r = -149 + w. What is the remainder when ((-1)/(-3))/((-2)/(-678)) is divided by r?
26
Suppose 5*x = -3*c - 8, -2*x + 3*c - 20 = -0*c. Let h be (-2)/(-9) - (-284)/18. Calculate the remainder when 97 is divided by 376/h - 6/x.
22
Suppose 0 = 39*c - 2523 - 3951. What is the remainder when c is divided by 52?
10
Suppose 4*r - 159 = -288 + 201. Suppose f + 4*c = -4*f + 255, f - 4*c - 51 = 0. What is the remainder when f is divided by r?
15
Suppose -x + 1 = -1. What is the remainder when (-1)/(((-4)/(-52))/(1 + -2)) is divided by x?
1
Let j(a) = 101*a - 12. Calculate the remainder when j(1) is divided by 41.
7
Suppose 4*v - 52 = 2*m, m = 6 - 2. Calculate the remainder when 155 is divided by v.
5
What is the remainder when 87 is divided by (-3)/(-12) - (9 + (-2015)/52)?
27
Let y be (6/(-9))/(2/(-60)). What is the remainder when (-5)/y*-6*(-100)/(-2) is divided by 26?
23
Suppose 3*d - 15 = 0, -480 = -5*g + 4*d + 275. Suppose -g = -3*p + 70. What is the remainder when p is divided by 26?
23
What is the remainder when (((-5680)/(-3))/20)/((-2)/(-3)) is divided by 18?
16
Suppose 2*b - 183 = -5*o, 3*o = 2*b + 2*o - 165. Calculate the remainder when b is divided by 30.
24
Suppose i + 0 = p - 16, -63 = -4*p + 5*i. Let s = -117 - -122. Calculate the remainder when p is divided by s.
2
Calculate the remainder when (-1116)/21*14/(-4) is divided by 19.
15
Let q(l) = 2*l**3 - 37*l**2 - 7*l - 54. What is the remainder when q(19) is divided by 26?
18
Suppose -2*u = -k + 2*k - 89, 4*u - 4*k - 208 = 0. Calculate the remainder when u is divided by 13.
8
Suppose 568 = -5*p + 2*r, -2*p + 96 = -3*p - 4*r. What is the remainder when p/(-18) + (-24)/108 is divided by (-74)/(-14) + 4/(-14)?
1
Let c = 85 - 59. Suppose -c*r + 225 = -21*r. What is the remainder when r is divided by 23?
22
Let o = 34 - 30. Suppose 77 = 5*c - r, -o*r = c - 0*c - 7. Calculate the remainder when 133 is divided by c.
13
Suppose -3*d - 2*c + 10 = 0, -6*d = -d + 3*c - 15. Suppose 5*z = -4*x + 158, d = 2*x - 0*x + 4*z - 82. What is the remainder when x is divided by 8?
5
Let g(f) = f**2 + 41*f - 33. What is the remainder when g(-47) is divided by 50?
49
Suppose 957 = 38*h + 83. What is the remainder when 1241 is divided by h?
22
Suppose -3*m + 50 = -5*m. Let t = m + 49. What is the remainder when 68 is divided by t?
20
Suppose -d + 5*k + 180 - 96 = 0, -4*d - 3*k + 244 = 0. Calculate the remainder when 439 is divided by d.
55
Suppose 80 = -3*o - 4*i, -4*o - 47 = 5*i + 61. Let q = o + 55. What is the remainder when q is divided by 5?
3
Suppose c - 3*x - 69 = -2*c, -2*x - 20 = -c. Let k = 52 - c. Calculate the remainder when k is divided by 62/4 + (-60)/40.
12
Let l be (-14 - 18/(-3))*(0 - 40). Suppose 88 - l = -8*c. Calculate the remainder when 55 is divided by c.
26
Let f = -66 + 123. Suppose -3*g - z + 61 = 0, -f = -3*g + 5*z - 2*z. Let b = -59 + 116. What is the remainder when b is divided by g?
17
Let l be (-9)/(-21)*-375 - 2/7. Let z = l - -230. What is the remainder when z is divided by 19?
12
Suppose 5*c = -25, 5*c - 21 = 2*w - 58. Calculate the remainder when (-387)/(-15) + (-2)/(-10) is divided by w.
2
Let l(w) = 4*w**2 + 535*w + 2656. Suppose -3*k - 5*h + 80 - 9 = 0, 3*k - 4*h = 62. What is the remainder when l(-5) is divided by k?
15
Let l be ((-16)/32)/(2/(-20)). Suppose 88 = 4*m + 4*f, 2*m + l*f - 6 = 35. Calculate the remainder when 89 is divided by m.
20
Let s = -526 + 998. Suppose -s - 232 = -8*d. Calculate the remainder when d is divided by 30.
28
Let z = 975 - 848. Calculate the remainder when z is divided by 16.
15
Let u(g) = g**2 - 19*g + 5. Let s be u(19). Suppose -175 = -s*h + 5*m, m = -4*h - 0*h + 120. Calculate the remainder when 118 is divided by h.
25
Let m(d) = d**2 - d - 1. Let q be m(2). Suppose -245*i = -236*i - 918. What is the remainder when i is divided by (3 - q)/(2/35)?
32
Let a = 238 - -22. Suppose 8*j = 44 + a. Calculate the remainder when 74 is divided by j.
36
Suppose 0*c = 4*c. Suppose 5*n + 5*h - 35 = c, 3*h + 1 = n + 7*h. Let j(f) = -f**2 - 24*f - 8. Calculate the remainder when j(-23) is divided by n.
6
Suppose -2*d + 128 - 52 = 0. Calculate the remainder when d is divided by 17.
4
Suppose 3*z = g - 6*g - 3, -2*g - 2 = z. What is the remainder when 90 is divided by z?
2
Suppose s + 5*u + 56 = 2*s, 0 = 2*s + u - 134. What is the remainder when 212 is divided by s?
14
Suppose r + 5*b - 59 = 0, -4*r + 5*b = -62 - 99. Calculate the remainder when 93 is divided by r.
5
Suppose -m + 4*w = -56 + 21, 4*w - 8 = 0. Calculate the remainder when 341 is divided by m.
40
Let y = 652 - 637. Let o(k) = -39*k - 1. What is the remainder when o(-1) is divided by y?
8
Let n be (-780)/(-9)*(-3)/(-2). Suppose 0 = 6*w + n - 436. What is the remainder when w is divided by 18?
15
Suppose -3*t + 171 - 39 = 0. Calculate the remainder when 131 is divided by t.
43
Let j = 122 + -124. Calculate the remainder when j/8 - (-351)/12 is divided by 12.
5
Let q = -833 - -860. What is the remainder when q is divided by 18?
9
Suppose w - 4 = -0*w. Suppose w = 2*q - 30. Suppose -51*c + 1627 = 46. What is the remainder when c is divided by q?
14
Let p = -418 - -438. What is the remainder when p is divided by 11?
9
Let l(w) = 13*w + 29. Let p be l(0). Suppose -57 = -4*b + 79. Let y = b + p. Calculate the remainder when y is